Let m = p - -242. What is the remainder when 19 is divided by m?
3
Let s(y) = 10*y**2 + 237*y - 978. Calculate the remainder when 762 is divided by s(4).
112
Let d(x) = 10*x + 2. Let c be (0 - 11)*(7 - 8). Let i be d(c). What is the remainder when 9/(36/i) + (-1 - -4) is divided by 11?
9
Suppose -997 = -180*w + 1343. Calculate the remainder when 17835 is divided by w.
12
Suppose -3*j = -3*m + m - 526, -j + 2*m + 174 = 0. Suppose -a = -2*a + j. Let n = -104 + a. What is the remainder when n is divided by 25?
22
Let m = 73 - 0. Let l = 113 - m. What is the remainder when l is divided by 25?
15
Let j = 449 - 242. Calculate the remainder when j is divided by 19.
17
Suppose -7*d = 231 - 602. Suppose d - 242 = 3*x. Calculate the remainder when 39 is divided by 3/(x/(-6)) - (-378)/49.
7
Let m(n) = n**3 - 24*n**2 + 33*n + 18. Let a be m(23). Let p = -222 + a. What is the remainder when 126 is divided by p?
22
Let a = 32 - 4. Let w(b) = 3*b + 250. Calculate the remainder when w(-9) is divided by a.
27
Suppose -3*t + 3*p = 8 + 1, 0 = 4*t + 2*p - 18. Suppose -3*c - 2*m + m + 18 = 0, m + t = c. Calculate the remainder when 29 is divided by 2/(-4)*c*-4.
9
Suppose 2*z = -5*i + 358, -149 = 6*i - 8*i + 5*z. What is the remainder when 511 is divided by i?
7
Suppose -20*w = -28*w + 1952. Calculate the remainder when w is divided by 56.
20
Suppose -250 = -5*n - 3*k - 16, -3*k - 171 = -4*n. Calculate the remainder when ((-6)/8)/(1/(-16)) is divided by (10/n + (-41)/(-18))*2.
2
Let a(t) = -t. Let l be a(0). Suppose l = w - 39 - 57. Suppose w = 4*y - 2*g, g = -y + 15 + 12. What is the remainder when y is divided by 17?
8
Suppose -2*s = 4*c - 5420, 0 = 3*c + 21*s - 22*s - 4080. Calculate the remainder when c is divided by 37.
26
Let t = -107 + 114. Suppose 66 + 207 = -t*y. Let f = y + 66. Calculate the remainder when 97 is divided by f.
16
Let z = 1778 + -1601. What is the remainder when z is divided by 6?
3
Let v = -312 - -467. Let d = 87 + -175. Let x = d + v. What is the remainder when x is divided by 34?
33
Let a = 1856 - 760. Calculate the remainder when a is divided by 11.
7
Suppose -10*k - 3240 = -17*k - 23*k. What is the remainder when 433 is divided by k?
1
Suppose 2*g - 5*z = 440, -2*g = 16*z - 17*z - 440. Calculate the remainder when 212 is divided by (0 + 1)/(-14 - (-3084)/g).
47
Suppose -2*q - 6 = -116. Suppose -5*m + 182 + 43 = 0. Suppose -33*a = -36*a + m. Calculate the remainder when q is divided by a.
10
Let k = -310 + 329. Calculate the remainder when 1378 is divided by k.
10
Suppose -13*q - 10*q = 3*q - 182. What is the remainder when 1714 is divided by q?
6
Suppose -25*s + 15840 + 3485 = 0. What is the remainder when s is divided by 25?
23
Let o(f) = f**3 - 19*f**2 + 32*f + 87. Let c be o(21). Suppose -7*u + 984 = -c. What is the remainder when u is divided by 13?
11
Let k(j) be the second derivative of -7*j**4/24 - 5*j**2 - 2*j. Let c(d) be the first derivative of k(d). What is the remainder when c(-3) is divided by 6?
3
Let g = -5086 - -5119. Suppose -137 = -5*d + 178. What is the remainder when d is divided by g?
30
Let x(j) = 2*j**2 + 83*j + 116. Calculate the remainder when 226 is divided by x(-42).
68
Let g = -14 + 30. Suppose -6 = 5*o - 21. Suppose 4*l - 5*i + o = 176, 5*i = l - 32. What is the remainder when l is divided by g?
15
Let r = 141 - 77. Calculate the remainder when 82 is divided by r.
18
Suppose 5706 = 12*q + 4*q - 22982. What is the remainder when 3607 is divided by q?
21
Suppose 4*y + 136 = 6*y + 78. Calculate the remainder when 1231 is divided by y.
13
Suppose 8*i - g = 12*i - 5688, 3*i - 4273 = g. What is the remainder when i is divided by 75?
73
Suppose -2*n + 5*k = -n + 43, k = 4*n + 229. Let h = 86 + n. Suppose -15*i = -29*i + 154. Calculate the remainder when h is divided by i.
6
Suppose -190*i = -4*h - 187*i + 181, 0 = -h + 6*i + 61. Calculate the remainder when 287 is divided by h.
29
Let g = -448 - -448. Suppose g = 72*b - 79*b + 1120. What is the remainder when b is divided by 49?
13
Let j = -3818 - -20223. Calculate the remainder when j is divided by 28.
25
What is the remainder when 4770 is divided by -1 - (-521)/4 - 28/112?
126
Let z be (6/4)/(2/20). Let b = -5 + z. Suppose 28*q - 3*v = 27*q + 20, -v = -5*q + 30. Calculate the remainder when b is divided by q.
0
Suppose 236400 = -95*z + 245*z. What is the remainder when z is divided by 26?
16
Suppose -570*g + 442 = -544*g. Calculate the remainder when 13021 is divided by g.
16
What is the remainder when -12*(4 + 0 + 262*(-28)/12) is divided by 18?
16
Let o = -882 + 885. Calculate the remainder when -1 + 0 + (-1 - -4) + 3 is divided by o.
2
What is the remainder when 1/(99/(-18) - -5) + 2518 is divided by 126?
122
Let o = 2173 + -1735. What is the remainder when o is divided by 2?
0
Let m = 42346 - 42323. Let c = 12 - 32. What is the remainder when 452/10 - (-4)/c is divided by m?
22
Suppose t + 90 = -k, 0*k + k + 89 = -2*t. Let z = k - -96. Suppose -c = z - 26. What is the remainder when 104 is divided by c?
20
Let b = -42819 - -43046. What is the remainder when 7717 is divided by b?
226
What is the remainder when (7020/24)/((-22)/(-220)) is divided by 209?
208
Suppose 0 = -p - 0*p + 104. Suppose p = 3*x - 67. Suppose 2*y - 32 = -2*f, 2*y - 38 = -3*f + 14. Calculate the remainder when x is divided by f.
17
Let n(q) = 145*q - 373. Calculate the remainder when n(4) is divided by 11.
9
Suppose 2*f - 4*k - 188 = 0, -34*f + 35*f = 5*k + 109. What is the remainder when 337 is divided by f?
1
Let j(d) = 4*d + 21. Let x be j(-6). Suppose l - s = 2 + 5, l + 5*s = 31. What is the remainder when 2 + (31 - 1) + x is divided by l?
7
Let k(o) = 456*o - 10524. What is the remainder when k(26) is divided by 110?
12
Let p(w) = 18*w**3 + 15*w**2 + 7*w + 4. Calculate the remainder when p(3) is divided by 223.
200
Let j(a) be the second derivative of 7*a**2 + 1/12*a**4 + 0 + 22*a + 17/6*a**3. What is the remainder when 24 is divided by j(-17)?
10
Let m be (-12)/18*6*(-1)/1. Suppose -o = 3*o + m*o. Suppose -5*g + 96 + 121 = 4*r, g + 5*r - 35 = o. Calculate the remainder when g is divided by 16.
13
What is the remainder when 218 is divided by 2/(6/(-126)*6) + 80?
72
Suppose 0 = -2*x - 2*r - 69 + 337, x - 122 = -5*r. Let c(v) = -2*v**2 + 52*v - 175. Calculate the remainder when x is divided by c(5).
32
Let y(m) = m**2 - 490*m + 2188. What is the remainder when y(0) is divided by 5?
3
Let d = -762 + 910. Calculate the remainder when 498 is divided by d.
54
Suppose 2*o = -4*t - 2*o + 216, 2*t - 2*o - 92 = 0. Suppose 103*z - t = 101*z. What is the remainder when 75 is divided by z?
0
Let b = -110 + 76. Let v = 37 + b. What is the remainder when 167/3 - (-4)/v is divided by 30?
27
Suppose 4755 + 4737 = 28*t. Calculate the remainder when 2713 is divided by t.
1
Suppose -21823 = -25*v + 13627. What is the remainder when v is divided by 29?
26
Suppose -5*r + 1880 = 1695. What is the remainder when 291 is divided by r?
32
What is the remainder when (5 + -2 + -2)*121 is divided by (4 - -20) + (-7)/(-7)?
21
Suppose -22*c = -21*c - 5. Suppose -c*h - 536 + 1036 = 0. What is the remainder when h is divided by 26?
22
Let b(c) = c**2 + 37*c + 549. What is the remainder when b(-17) is divided by 44?
33
Let j(b) = b**3 + b**2 + 16*b + 165. Let k = -60 + 84. Calculate the remainder when j(0) is divided by k.
21
Suppose u = -2*u + 255. Let v(o) = -55*o - 9. Let k be v(-4). Suppose k + 253 = 16*m. Calculate the remainder when u is divided by m.
27
Let t(c) = 4*c**3 - 2*c**2 - 6*c + 12. Let q be t(2). Let f = 32 - q. What is the remainder when 15 is divided by f?
7
Suppose 6*i = 9*i + 108. Let m = 18 + i. Let o = 26 + m. What is the remainder when 44 is divided by o?
4
Suppose -33*q + 12903 - 273 = -5619. What is the remainder when q is divided by 13?
7
What is the remainder when 93 is divided by ((-6030)/9)/(-10) - 11?
37
Suppose 0 = 129*v - 47*v - 5330. Calculate the remainder when 336 is divided by v.
11
Let f(x) = -5*x + 8*x - 3 - 4*x + 23. Let b be f(0). Calculate the remainder when 39 is divided by (-4 + 14)*b/25.
7
Suppose 75*x + 103*x = 197*x - 34485. What is the remainder when x is divided by 601?
12
Let h(b) = b**2 - 99*b + 1763. Calculate the remainder when 17755 is divided by h(76).
10
Let